vided by o?
11
Let x(z) = 7*z - 174. Let f be (13/((-65)/2))/(4/(-290)). Calculate the remainder when 57 is divided by x(f).
28
Let o(p) be the first derivative of -3*p**4/4 + 16*p**3/3 - 9*p - 116. What is the remainder when 57 is divided by o(5)?
9
Let b be (1 + -5 + 3)*-173. Let o = b + -141. Let p(f) = -60*f + 1. What is the remainder when p(-1) is divided by o?
29
Let v = 34 - -91. What is the remainder when v is divided by (-2)/(2 + (-176)/84)?
20
Let d(c) = c**3 + 5*c**2 - c + 18. Let t be d(-6). Let b be (150/(-24))/((-3)/t). Let a = 46 + b. What is the remainder when 82 is divided by a?
19
Let m(v) = 4999*v**3 - 4*v**2 + 13*v - 10. Calculate the remainder when m(1) is divided by 200.
198
Let u(l) = 30*l**2 + 7*l + 3. Let x be u(-2). What is the remainder when (-6)/1 - (4 - x) is divided by 51?
48
Suppose 87*c - 123*c = -756. What is the remainder when 1139 is divided by c?
5
Suppose -5*t + s - 186 = 28, -2*t - 88 = -s. What is the remainder when (9/(-2))/(3/t) is divided by 11?
8
Let j(o) = -o**2 - 4*o + 12. Let v be j(-9). Let n be -1*-1*(-3 - v). Let f = n - -60. Calculate the remainder when f is divided by 23.
21
Suppose 2*q - 2 = -308. Let s = q - -176. What is the remainder when 105 is divided by s?
13
Suppose -5*n + 5*m = -710, -2*n + 18*m - 21*m + 274 = 0. Calculate the remainder when n is divided by 12.
8
What is the remainder when 734 is divided by (-1 - 2)/(-1) + 15/((-270)/(-792))?
29
What is the remainder when 1292 is divided by 33 - ((-6)/12 - (-30)/(-20))?
32
Let t(c) = c**3 - 16*c**2 - 11*c - 102. Let l be t(17). Suppose l = -19*i + 317 + 1773. What is the remainder when i is divided by 58?
52
Suppose -2*q + 5*q - 4*a - 168 = 0, -280 = -5*q - 5*a. Let k = -13 + 20. Suppose -k*g + 2*g = -95. Calculate the remainder when q is divided by g.
18
Let x(g) = g**3 - g**2 - 4*g - 1. Let i be (-1)/((-4)/624) - (-10 - -8). Let q = 175 - i. What is the remainder when q is divided by x(3)?
2
Let i = -102 + 1073. Let f = 1040 - i. What is the remainder when 131 is divided by f?
62
Let c(s) = 2 - 11*s - 29 - 19 + 3 - 2. What is the remainder when c(-11) is divided by 13?
11
Let t(p) = -38*p + 38. What is the remainder when t(-5) is divided by ((-8)/56*(-69)/(-3))/(1/(-7))?
21
Let t = 3510 + -3339. What is the remainder when 286 is divided by t?
115
Suppose 0 = 18*g - 152 - 1576. Let y = 10 + g. Calculate the remainder when y is divided by 38.
30
Let p(r) = -141*r - 619. What is the remainder when 200 is divided by p(-5)?
28
Let h = 2903 - 2077. What is the remainder when h is divided by 26?
20
Suppose 0*s + 9*s + 161 = 1250. What is the remainder when 350 is divided by s?
108
What is the remainder when 8 + -2 - -14*66/4 is divided by 42?
27
Suppose -23*t + 5*r = -27*t - 12, -r + 9 = -3*t. Calculate the remainder when (126/15)/(t/(-80)) is divided by 9.
8
Suppose 55 + 73 = 2*k - d, -2*k = -4*d - 134. What is the remainder when 120 is divided by k?
57
Let i = 134 - 114. Let q be 14/10 - (-6)/(-15). Calculate the remainder when i is divided by (-1*q)/((-4)/44).
9
Let d(g) = -2*g - 2. Let u(p) be the third derivative of p**6/120 + p**5/6 - p**4/2 + 7*p**3/6 + 6*p**2. What is the remainder when u(-11) is divided by d(-5)?
2
Suppose -139*v = -87*v - 6292. What is the remainder when 544 is divided by v?
60
Let p = -1452 + 2758. Calculate the remainder when p is divided by 132.
118
Suppose 2*z = -2*j + z - 7, j - 4*z = 19. Let d = 25 + -17. Calculate the remainder when 45 + 3 + j*5 is divided by d.
3
What is the remainder when 53/5*(-15)/12*-4 is divided by ((-144)/96)/(1/(-6))?
8
Let u(d) = d**3 - 21*d**2 + 67*d + 32. Let q = 212 - 92. Suppose 4*w = -4*o - 24 + q, -5*w + 3*o + 128 = 0. What is the remainder when w is divided by u(17)?
10
What is the remainder when (-96)/(-56)*(116 - (-7 + 4)) is divided by 5?
4
Let o be 1/4 + 417/(-4). Let a = -69 - o. Calculate the remainder when a is divided by 14.
7
Let b(k) = k**2 + 13*k + 5. Let q be b(7). Let r = -93 + q. What is the remainder when 110 is divided by r?
6
Suppose 3*u - 4*d = 40, -6*u + 2*u = 5*d - 74. Suppose 1214 - 214 = 8*k. What is the remainder when k is divided by u?
13
Suppose 5*r = -3*d + 254, 3*r + 2*d - 80 - 73 = 0. What is the remainder when 80 is divided by r?
31
What is the remainder when (-2598)/4*(-15)/(-20)*-8 is divided by 100?
97
Let w = 92 + -36. Suppose z - w = -3*z. Calculate the remainder when (18/(-16))/(1247/(-29928)) is divided by z.
13
Suppose 0 = -442*k + 401336 + 51714. What is the remainder when k is divided by 47?
38
Suppose -8*u = -44603 + 12571. What is the remainder when u is divided by 15?
14
Suppose 23*a - 7249 - 1008 = 0. Calculate the remainder when a is divided by 14.
9
Let c(k) = 660*k - 325*k - 333*k + 95. Calculate the remainder when c(-23) is divided by (-4)/18 - (-238)/18.
10
Suppose 2*n = 7*n. Suppose n = 2*q - 4 - 46. Calculate the remainder when q is divided by 24 - (2/(-9) - (1495/(-45) - -24)).
10
Let m(t) be the first derivative of 5*t**2/2 - 28*t + 29. Let n(p) = -15*p + 2. What is the remainder when n(-3) is divided by m(8)?
11
Let x = -1360 - -1432. What is the remainder when 119 is divided by x?
47
Suppose 24 = 17*f + 1945. Let t = f + 156. Suppose -3*s + t - 1 = 0. Calculate the remainder when 106 is divided by s.
8
Suppose -3 + 8 = -o. Let a be 36/(4/(-10)*o). What is the remainder when 42 is divided by 3 + ((a - -4)*1 - 3)?
20
Suppose -3*m - 338 = 7*s - 2*s, -4*s = -2*m - 196. Let y = m - -135. What is the remainder when 57 is divided by y?
28
Let r = -233 - -412. Suppose -3*j + 138 = 3*y, -9*y + r = 4*j - 10*y. What is the remainder when j is divided by 28?
17
Suppose -549 - 131 = -4*u. Let p(o) be the third derivative of o**6/60 + o**4/8 - 5*o**3/6 - 9*o**2. Calculate the remainder when u is divided by p(3).
54
Let c(f) = -470*f - 890. What is the remainder when 1518 is divided by c(-2)?
18
Let t be (-6 - -2)*(13/(-2) - -2). Suppose 16*a + 20 = t*a. Calculate the remainder when -4 + (-82)/(4 + -6) is divided by a.
7
Suppose -5*l = -7*l + 94. Suppose -395 = -3*d - 4*f, -3*d + 150 = -2*d + 5*f. Let b = d - 35. Calculate the remainder when b is divided by l.
43
Let m = -2 - -12. Let d(f) = -4*f**2 + 411*f - 1390. Calculate the remainder when d(99) is divided by m.
5
Suppose -5*j = 38*j - 1376. What is the remainder when 3*-3*58/(-6) is divided by j?
23
Calculate the remainder when 608 is divided by 0 - (-5580)/33 - (130/(-22) + 6).
101
Suppose 107*u + 11760 = 219*u. What is the remainder when 381 is divided by u?
66
What is the remainder when -4*1/9 + 634722/1593 is divided by 227?
171
Suppose -171*q = -8190 - 41571. What is the remainder when q is divided by 17?
2
Let b = 180 + -90. Suppose d - 62 = -3*a - 10, -b = -5*a - d. Calculate the remainder when a is divided by 50/8 + 8/(-32).
1
Suppose -2*b = -7*p + 16904, 0 = 16*p - 11*p + 2*b - 12064. Calculate the remainder when p is divided by 172.
6
Let l(q) = 3*q**2 - 4*q - 7. Calculate the remainder when ((-1188)/84 - -15)*(31/(-62) + (-2201)/(-6)) is divided by l(-5).
50
Let t = -49415 + 49484. Suppose 3*c + i = 2*c + 52, -305 = -5*c + 4*i. What is the remainder when t is divided by c?
12
Suppose -4*i + 61*l = 57*l - 11032, 3*i - 8272 = 2*l. Calculate the remainder when i is divided by 15.
11
Suppose 40*m - 241*m = -10050. Let y(u) = 143*u. Calculate the remainder when y(1) is divided by m.
43
What is the remainder when 3723 is divided by (38/228)/((-4)/(-552))?
20
Let c be ((-6)/4)/((-2)/164). Suppose c = 4*l - 3*l. Let u = -20492 + 20523. What is the remainder when l is divided by u?
30
Suppose -133 = -3*c + 2*r, 0 = c - 4*r + 2*r - 39. Let h be (159/6)/((-15)/(-6) + -2). Suppose 5*u - 7 - h = 0. What is the remainder when c is divided by u?
11
Let j(q) = 8*q**2 - 5*q + 2. Let d(i) = -3*i**2 - 27*i - 8. What is the remainder when j(3) is divided by d(-7)?
25
Suppose -276 = -4*v - a, a = -v - 4*v + 344. What is the remainder when 358 is divided by v?
18
Let s(n) = -366*n + 7. Let j be s(1). Let r = j + 379. What is the remainder when r is divided by -12*(4/3 - 2)?
4
Suppose -4*a = -5*c - 73, -18*c = 4*a - 19*c - 85. What is the remainder when 39 is divided by a?
17
What is the remainder when 2 - -290 - (-180)/(-18) is divided by 87?
21
Let f = 9492 - 9471. Calculate the remain